ase 14
-3
What is 0 (base 6) in base 16?
0
What is -3 (base 5) in base 10?
-3
Convert 4 (base 15) to base 4.
10
Convert b0 (base 13) to base 4.
2033
Convert 5 (base 9) to base 8.
5
Convert -51 (base 9) to base 8.
-56
Convert 10 (base 16) to base 2.
10000
What is -2 (base 11) in base 2?
-10
2 (base 4) to base 13
2
34 (base 16) to base 3
1221
-1000 (base 3) to base 12
-23
What is 79 (base 10) in base 7?
142
-2 (base 6) to base 12
-2
Convert 12 (base 11) to base 6.
21
Convert 6 (base 7) to base 11.
6
Convert -a (base 13) to base 9.
-11
1 (base 12) to base 15
1
28 (base 9) to base 8
32
2 (base 7) to base 8
2
What is -4 (base 16) in base 14?
-4
Convert -60 (base 7) to base 8.
-52
2 (base 8) to base 6
2
Convert -3 (base 16) to base 10.
-3
What is -2 (base 16) in base 12?
-2
Convert 0 (base 11) to base 5.
0
-111 (base 2) to base 9
-7
1 (base 12) to base 13
1
Convert -7 (base 15) to base 11.
-7
Convert 111 (base 4) to base 8.
25
Convert -9 (base 16) to base 2.
-1001
10 (base 4) to base 6
4
What is -13 (base 5) in base 2?
-1000
Convert 4 (base 9) to base 16.
4
What is 6 (base 16) in base 15?
6
-21 (base 3) to base 6
-11
What is 0 (base 15) in base 14?
0
122 (base 4) to base 7
35
What is 132 (base 4) in base 13?
24
5 (base 10) to base 6
5
Convert 13 (base 9) to base 2.
1100
Convert -102 (base 3) to base 6.
-15
Convert 0 (base 16) to base 5.
0
-6 (base 14) to base 9
-6
8 (base 14) to base 4
20
Convert -151 (base 6) to base 10.
-67
Convert -16 (base 12) to base 15.
-13
Convert 2 (base 15) to base 16.
2
What is -2 (base 7) in base 6?
-2
What is -48 (base 15) in base 8?
-104
Convert -1002 (base 6) to base 7.
-431
Convert 1a8 (base 12) to base 4.
10100
Convert -3 (base 16) to base 4.
-3
Convert 3 (base 11) to base 12.
3
-15 (base 12) to base 5
-32
21 (base 10) to base 8
25
Convert 15 (base 9) to base 16.
e
Convert 11 (base 11) to base 7.
15
Convert 1 (base 13) to base 10.
1
What is 34 (base 15) in base 5?
144
What is 10000000 (base 2) in base 12?
a8
-2 (base 11) to base 2
-10
Convert -4 (base 9) to base 7.
-4
Convert -2 (base 4) to base 3.
-2
Convert 1 (base 4) to base 15.
1
Convert 1 (base 14) to base 10.
1
2 (base 9) to base 12
2
0 (base 12) to base 15
0
Convert 4 (base 13) to base 5.
4
What is 54 (base 8) in base 9?
48
Convert -2102 (base 4) to base 8.
-222
What is 100 (base 7) in base 8?
61
What is -4 (base 15) in base 16?
-4
Convert -4b (base 15) to base 7.
-131
21 (base 3) to base 5
12
What is 32 (base 4) in base 6?
22
0 (base 3) to base 15
0
Convert -1 (base 7) to base 15.
-1
-31 (base 4) to base 7
-16
Convert 3 (base 5) to base 13.
3
Convert 77 (base 16) to base 11.
a9
What is 56 (base 16) in base 9?
105
Convert 73 (base 14) to base 11.
92
What is 2 (base 3) in base 16?
2
Convert 23 (base 4) to base 7.
14
Convert 4b (base 13) to base 7.
120
What is 23 (base 6) in base 10?
15
Convert -3 (base 7) to base 2.
-11
What is -20 (base 14) in base 12?
-24
-50 (base 8) to base 4
-220
What is d7 (base 16) in base 9?
258
23 (base 4) to base 6
15
111100 (base 2) to base 14
44
Convert 1 (base 9) to base 2.
1
11 (base 2) to base 15
3
What is -4 (base 12) in base 16?
-4
What is 3 (base 4) in base 10?
3
2 (base 15) to base 7
2
What is 211 (base 7) in base 3?
10221
Convert -210 (base 5) to base 14.
-3d
What is -3 (base 13) in base 14?
-3
-1 (base 5) to base 4
-1
2 (base 4) to base 10
2
5 (base 8) to base 10
5
-c (base 16) to base 13
-c
What is 35 (base 10) in base 15?
25
Convert -2 (base 9) to base 4.
-2
Convert 21 (base 13) to base 6.
43
Convert 3 (base 5) to base 15.
3
Convert 54 (base 10) to base 14.
3c
1132 (base 4) to base 10
94
Convert b (base 16) to base 10.
11
3 (base 16) to base 11
3
-17 (base 11) to base 6
-30
What is -107 (base 10) in base 16?
-6b
5 (base 15) to base 10
5
-14 (base 11) to base 5
-30
-2 (base 6) to base 3
-2
What is -1131 (base 4) in base 13?
-72
What is 333 (base 4) in base 12?
53
297 (base 11) to base 13
20a
1110 (base 2) to base 16
e
28 (base 10) to base 13
22
250 (base 8) to base 3
20020
1201 (base 4) to base 13
76
-165 (base 10) to base 9
-203
-1 (base 12) to base 16
-1
1 (base 11) to base 2
1
Convert 63 (base 15) to base 8.
135
13 (base 4) to base 8
7
25 (base 7) to base 3
201
What is 8 (base 10) in base 7?
11
Convert -1 (base 15) to base 11.
-1
What is -443 (base 6) in base 4?
-2223
What is 143 (base 7) in base 6?
212
What is -a (base 12) in base 10?
-10
-2 (base 7) to base 12
-2
What is 6 (base 11) in base 8?
6
Convert -201 (base 9) to base 16.
-a3
Convert 61 (base 8) to base 11.
45
What is -14 (base 15) in base 8?
-23
-20 (base 14) to base 3
-1001
-1000 (base 3) to base 16
-1b
What is -37 (base 12) in base 10?
-43
-11 (base 5) to base 7
-6
Convert 4 (base 8) to base 14.
4
-2 (base 9) to base 8
-2
What is -3303 (base 4) in base 3?
-100000
-2204 (base 5) to base 9
-367
10 (base 4) to base 14
4
Convert 1001 (base 2) to base 6.
13
-4b (base 16) to base 13
-5a
88 (base 10) to base 9
107
What is 3 (base 13) in base 6?
3
What is 48 (base 15) in base 11?
62
-4 (base 7) to base 10
-4
What is 0 (base 16) in base 14?
0
What is 1 (base 5) in base 16?
1
Convert 3 (base 10) to base 4.
3
Convert 1210 (base 5) to base 14.
cc
Convert 5 (base 8) to base 12.
5
Convert 1 (base 10) to base 13.
1
Convert -1e (base 15) to base 8.
-35
3 (base 13) to base 8
3
What is 2 (base 8) in base 7?
2
Convert -100011011 (base 2) to base 8.
-433
What is 15 (base 7) in base 15?
c
What is -3 (base 9) in base 8?
-3
Convert 1 (base 5) to base 11.
1
3 (base 6) to base 10
3
Convert 5 (base 13) to base 16.
5
What is a (base 13) in base 2?
1010
-e (base 15) to base 3
-112
What is 210 (base 3) in base 11?
1a
What is -2 (base 5) in base 15?
-2
What is 1 (base 14) in base 3?
1
-1 (base 3) to base 16
-1
Convert -27 (base 13) to base 10.
-33
What is 10 (base 7) in base 13?
7
-1c (base 16) to base 13
-22
Convert 7 (base 15) to base 11.
7
-33 (base 7) to base 6
-40
Convert -20 (base 10) to base 12.
-18
102 (base 3) to base 13
b
What is 7 (base 11) in base 10?
7
Convert 1012 (base 3) to base 7.
44
What is -22 (base 6) in base 8?
-16
Convert -15 (base 11) to base 2.
-10000
-3 (base 15) to base 2
-11
-7 (base 14) to base 3
-21
Convert -56 (base 13) to base 11.
-65
-1132 (base 5) to base 4
-2213
Convert -12 (base 6) to base 8.
-10
Convert 4 (base 12) to base 13.
4
Convert 15 (base 16) to base 2.
10101
What is -22 (base 11) in base 6?
-40
4 (base 9) to base 2
100
Convert -2c (base 15) to base 2.
-101010
-1 (base 2) to base 3
-1
What is -4 (base 13) in base 2?
-100
-221 (base 3) to base 6
-41
56 (base 9) to base 13
3c
Convert -11011 (base 2) to base 7.
-36
2 (base 12) to base 9
2
Convert -222 (base 4) to base 10.
-42
What is -1 (base 8) in base 7?
-1
-230 (base 4) to base 10
-44
What is 3 (base 5) in base 16?
3
Convert -4 (base 8) to base 3.
-11
24 (base 11) to base 4
122
What is -27 (base 15) in base 14?
-29
-6 (base 12) to base 4
-12
-1 (base 4) to base 12
-1
What is -43 (base 13) in base 16?
-37
Convert -3 (base 13) to base 10.
-3
-10 (base 2) to base 3
-2
What is 14 (base 14) in base 9?
20
What is -234 (base 6) in base 13?
-73
Convert 54 (base 9) to base 16.
31
What is 7 (base 9) in base 4?
13
-4 (base 13) to base 8
-4
What is -28 (base 15) in base 3?
-1102
What is -47 (base 8) in base 6?
-103
235 (base 10) to base 14
12b
Convert -4 (base 11) to base 13.
-4
-102 (base 4) to base 9
-20
What is 1b (base 15) in base 5?
101
-1 (base 16) to base 13
-1
Convert -100101 (base 2) to base 10.
-37
What is -21 (base 6) in base 12?
-11
What is -13 (base 8) in base 5?
-21
What is -6 (base 9) in base 6?
-10
Convert 12 (base 4) to base 12.
6
-10 (base 10) to base 2
-1010
Convert -10 (base 4) to base 14.
-4
2 (base 8) to base 6
2
Convert -21 (base 4) to base 12.
-9
What is -112 (base 4) in base 7?
-31
What is -100 (base 3) in base 5?
-14
What is 1 (base 13) in base 16?
1
-49 (base 13) to base 11
-56
-12 (base 3) to base 16
-5
44 (base 7) to base 13
26
What is -1000110 (base 2) in base 16?
-46
-1110101 (base 2) to base 16
-75
Convert 99 (base 12) to base 15.
7c
What is 2c (base 13) in base 11?
35
-111000 (base 3) to base 10
-351
What is 5 (base 13) in base 9?
5
Convert 5e (base 16) to base 2.
1011110
What is -101 (base 8) in base 5?
-230
4 (base 12) to base 14
4
-10 (base 3) to base 2
-11
Convert 0